*s - 0*s. What is the units digit of 21*s*(-3)/(-27)?
7
Let g = -12 + 38. What is the units digit of g?
6
Let q(f) = 8*f**2 - 2*f + 1. Let c be q(1). Suppose -20 = -3*n + u, -5 = 3*n + c*u - 3*u. What is the units digit of n?
5
Suppose 4 = -2*m, 2*z + 4 = 3*m - 6. What is the tens digit of 24*2/z*-4?
2
Suppose -5*d + 1059 = 2*v, 4*d = 3*d - 5*v + 198. What is the units digit of d?
3
Let u(c) = -2*c - 1. Let o be u(-6). Suppose 2*a - 19 - o = 0. What is the tens digit of a?
1
Let t = 108 - 54. Suppose 5*k + l = 278, k - t = 2*l - 3*l. What is the tens digit of k?
5
Let h = 26 - 114. Let y = -41 - h. What is the units digit of y?
7
Suppose 2*v + 2*v = 3*m + 542, -v = 2*m - 141. What is the hundreds digit of v?
1
What is the tens digit of (((-76)/(-5))/(-2))/((-35)/875)?
9
Let a = -8 + 11. Let x(q) = -a - 4 + 3*q + 6 + 3. What is the units digit of x(5)?
7
Suppose 1 = z - 0*z. Suppose -22 = -3*v + p, -2*p = -v + 3 + z. What is the units digit of v?
8
Let z(r) = 2*r - 4. What is the units digit of z(5)?
6
Let t = 15 - 27. Let w be (-1)/(((-9)/t)/(-3)). Suppose 3*h = 3, 3*h = -w*b - h + 16. What is the units digit of b?
3
Suppose 2*y = -93 + 339. What is the units digit of y?
3
Suppose v + v = a - 2, -4*a + 3*v = -23. What is the units digit of a?
8
Let v(j) = -11*j - 35. What is the tens digit of v(-11)?
8
Let k be (-4)/10 - 202/(-5). Suppose -4*s - s = 5*b - k, -4*s + 4*b = -64. Suppose -2*j - j = -s. What is the units digit of j?
4
Let h(b) = -b + 3. Let q be h(3). Suppose q*k = -k + 10. What is the tens digit of k?
1
Let x(b) = 284*b - 6. What is the hundreds digit of x(1)?
2
Let w = 366 - 166. What is the units digit of w?
0
Let c = -29 - -59. Suppose d = -d + c. What is the units digit of d/2*(-8)/(-10)?
6
Suppose 0 = 5*r + s - 302, -r + 2*s = -61 + 5. What is the tens digit of r?
6
Suppose -3*v - 55 + 139 = 0. Suppose 4*x - 2*t + 38 = 9*x, 4*x - v = -4*t. What is the units digit of x?
8
What is the units digit of (-15)/(-10)*8/6 + 6?
8
Let x(q) = -q**3 - 4*q**2 + 4*q - 2. Let s be x(-5). Suppose 7 + s = a. What is the units digit of a - (1 - -1 - 2)?
0
Let d(m) = -m**3 - 10*m**2 - 8*m + 7. Let b be d(-9). What is the units digit of 4 + -2 - b*1?
4
Let p(r) = -4*r - 16. Let c be p(-11). Let g = 68 - c. What is the units digit of g?
0
Let a(k) = -31*k + 6. What is the tens digit of a(-2)?
6
Let m(z) = -2 + z**3 - 1 + 2 + 11*z**2 + 9*z. What is the units digit of m(-10)?
9
Let i(j) = 4*j - 6 - j - 4*j + 2. Let n be i(-7). Suppose n*p - 27 + 9 = 0. What is the units digit of p?
6
Let j = 15 + -7. Let y be 3*(2 - j/6). What is the units digit of 1/y*-1*-14?
7
Let z be 0 + 4 + (-3 - -4). Suppose 3*g + z*c = 6*c + 15, 3*g - 2*c = 18. Suppose -i + 3*i - g = 0. What is the units digit of i?
2
Let o = -30 - -47. Suppose 92 - o = 5*a. What is the units digit of a?
5
Suppose -6*k = -3 - 75. Suppose -5*x - 5*i = -60, 0 = -5*x - 2*i + 59 - 2. Suppose -k = -3*u + z, -3*u + x = -3*z - 4. What is the units digit of u?
4
Suppose 0 = -36*p + 42*p - 456. What is the tens digit of p?
7
Suppose 0 = -3*z + z - 14. Let p = z + 48. What is the units digit of p?
1
Suppose -2*m - 2*m + 8 = 0. What is the units digit of m?
2
Suppose -80 = -2*c - 5*p, 136 = 3*c + 2*p + 38. Let m = c - 9. What is the units digit of m?
1
Suppose -97 - 45 = -4*j - 5*s, -4*j - 4*s = -140. Suppose r + 2*r - j = 0. What is the units digit of r?
1
Suppose 2*s + 300 = 5*s. What is the tens digit of s?
0
Let w = -6 + 6. Suppose -4*g - 19 + 139 = w. What is the tens digit of g?
3
Let f(h) = 4*h - 1. Let g be f(-1). Let x be (-1 - 0) + g + -2. Let w(v) = -v - 5. What is the units digit of w(x)?
3
Let g(v) = v**2 - 4*v - 7. Let n be g(6). Suppose 55 = -n*d + 145. What is the units digit of d?
8
Suppose 64*j - 68*j = -560. What is the tens digit of j?
4
Let r be 1/2*(-32 - 2). Let n = 38 + r. What is the tens digit of n?
2
Let k = 1 - -1. Suppose r + 2*n - 11 = -k*r, 0 = -4*n + 4. What is the units digit of r?
3
Suppose 0*w + 3*w = -4*q + 201, -4*w + 268 = 5*q. What is the units digit of w?
7
Let m be (-3)/(-12) - 7/(-4). Suppose -2*v - 2*o + o + 7 = 0, -3*o = -2*v + 19. Suppose v = u + m. What is the units digit of u?
3
Let b = 419 + -243. What is the hundreds digit of b?
1
Suppose 2*l = 6*l - 60. What is the units digit of l?
5
Let i(p) = -p**2 - 5*p - 2. Let a be i(-3). Suppose 0*u = u - a. Suppose -s - 2*d - 6 + 0 = 0, -u*d - 16 = 0. What is the units digit of s?
2
Let w(j) = j + 11. Let q(h) = h**3 - 4*h**2 + h + 1. Let f(u) = -u**3 + u**2 + 3. Let d be f(0). Let y be q(d). What is the units digit of w(y)?
6
Suppose 4*m - 5*m = -3. Suppose z - 12 = -m*z + 4*k, -5*z = 5*k - 25. Suppose -z*s + 45 = s. What is the units digit of s?
9
Let s(w) = 2*w. Let o be s(-5). Let l be (-4)/o + (-4)/10. What is the units digit of (l + 1)*(0 + 5)?
5
Suppose -3*k + 6*k + 30 = 0. Let j(z) = -z**2 - 8*z + 2. Let d be j(-5). Let w = d + k. What is the units digit of w?
7
Suppose -3*w - 4*o + 27 = 0, 4*w + 0*o - o = 17. Suppose -w*d = -2 - 8. What is the units digit of d?
2
Let m(h) = h**3 + 7*h**2 + h + 9. Let k be m(-7). Suppose -r - 2*d = d - 15, -3*d = k*r - 33. What is the units digit of (r - -2)/2 + 1?
1
Let s be (1/(-3))/(1/(-6)). Suppose 0*y - 5*y + 92 = 2*b, -35 = -s*y + b. What is the units digit of y?
8
Let l = 3 + 0. Suppose -3 = l*d + g + 4, -g = 5*d + 13. Let i = 11 + d. What is the units digit of i?
8
Let z = -91 - -128. What is the units digit of z?
7
Let h(v) be the first derivative of -2*v**2 - 15*v + 1. Let u(i) = 12*i + 44. Let z(o) = -14*h(o) - 5*u(o). What is the units digit of z(-7)?
8
Let m be (-7)/14*(-1 - -1). Suppose 0 = -m*d + 2*d - 12. What is the units digit of d?
6
What is the tens digit of 7/(28/312) + 3?
8
Let x(t) be the first derivative of 0*t - 5/2*t**2 - 1. What is the tens digit of x(-2)?
1
Let w = 35 - 22. Let t(f) = -f**3 + 12*f**2 + 14*f + 4. What is the units digit of t(w)?
7
Let g(r) = -r**3 - 8*r**2 - 7*r + 9. Let q be (-66)/(-4) + 2/(-4). Let f = -23 + q. What is the units digit of g(f)?
9
Let k be -3 + (-2 + -1 - -12). Suppose 0 = -3*l - 0*l + k. What is the units digit of l?
2
Suppose -1368 = -7*a - a. What is the hundreds digit of a?
1
Let y(v) = 2*v**2 - v. Let w be y(3). Suppose 5*c + 120 = 3*z - w, -5*c = 0. Suppose -x + z = 2*x. What is the units digit of x?
5
Let s(m) = -m**2 - 6*m - 1. Let j be s(-5). Suppose -j*h + 0*h = 0. What is the units digit of (5 + h)*(-4)/(-4)?
5
Let z(g) = -g**3 + 6*g**2 - 3*g - 7. Let w be z(5). Suppose -t = w*t - 28. What is the units digit of t?
7
Suppose 0 = -r - 0 - 6. Let i(j) = -j**2 - 10*j + 4. Let t(v) = -v**2 - 9*v + 4. Let a(d) = -2*i(d) + 3*t(d). What is the units digit of a(r)?
0
Let z be 6 + -4 - (9 + -1). What is the tens digit of (z/(-18))/(2/66)?
1
Suppose -g + 0*g - 4*p = -40, g = 4*p. Let d be 2/8 - (-135)/g. Let k = 4 + d. What is the units digit of k?
1
Let v(m) = -m**3 - 13*m**2 - 2*m + 27. What is the tens digit of v(-13)?
5
Suppose -c - 4 + 12 = 0. Suppose -6*g - 74 = -c*g. What is the units digit of g?
7
Let h = -69 + 196. What is the hundreds digit of h?
1
Suppose 3*a - 59 = -y - 10, 0 = -5*a + 2*y + 100. Let j = 26 - a. What is the units digit of j?
8
Suppose -5*d = -2*w - 2, 3*w = -3*d + 5*d - 3. Let n = w - -14. What is the units digit of n?
3
Suppose -195 = -4*n - f, 5*n + 40 = 6*n + 2*f. Let x = n + -36. Let m = x - -2. What is the tens digit of m?
1
Let a be (-12)/(-5) - (-6)/10. Let m = a + -11. Let t(r) = r**2 + 7*r + 4. What is the tens digit of t(m)?
1
Let i = 118 - 58. What is the units digit of i?
0
Let i(c) = -4*c - 9. What is the units digit of i(-4)?
7
Let u(v) = -v**2 + 4. Let d be u(0). Suppose -d*h + 2*h + 34 = -2*t, -t = -4*h + 56. What is the tens digit of h?
1
Suppose 2*r - r - 5*i = -9, -12 = -4*i. Let j(a) = -a**2 + 7*a + 8. What is the units digit of j(r)?
4
Let q be (0 - -9) + (3 - 6). Let g = 13 - q. What is the units digit of g?
7
Let l(k) = 6*k + 2. Let z be 48/6*(-1)/(-2). What is the tens digit of l(z)?
2
Suppose 3*c + 180 - 462 = 0. What is the units digit of c?
4
What is the tens digit of (0 - 2)*260/(-40)?
1
Suppose 2*n - 4 = -2*n. What is the units digit of 0 + 15 + (2 - n)?
6
Suppose 62 = 5*x + 4*a, 6 = 5*a - 9. Suppose 0 = -m - 2*r + 6, -3*r - r + x = 3*m. Let t = m - -